{"id":7619,"date":"2024-04-04T14:25:44","date_gmt":"2024-04-04T17:25:44","guid":{"rendered":"https:\/\/institucional.adventistas.org\/es\/?post_type=nossas-crencas&#038;p=7619"},"modified":"2024-07-25T15:04:44","modified_gmt":"2024-07-25T18:04:44","slug":"25-la-segunda-venida-de-cristo","status":"publish","type":"nossas-crencas","link":"https:\/\/institucional.adventistas.org\/es\/nuestras-crencias\/25-la-segunda-venida-de-cristo\/","title":{"rendered":"25. La Segunda Venida de Cristo"},"content":{"rendered":"\n<p>La segunda venida de Cristo es la bienaventurada esperanza de la iglesia, la gran culminaci\u00f3n del evangelio. La venida del Salvador ser\u00e1 literal, personal, visible y de alcance mundial. Cuando el Se\u00f1or regrese, los justos muertos resucitar\u00e1n y, junto con los justos que est\u00e9n vivos, ser\u00e1n glorificados y llevados al cielo, pero los imp\u00edos morir\u00e1n. El hecho de que la mayor parte de las profec\u00edas est\u00e9 alcanzando su pleno cumplimiento, unido a las actuales condiciones del mundo, nos indica que la venida de Cristo est\u00e1 cerca. El momento cuando ocurrir\u00e1 este acontecimiento no ha sido revelado y, por lo tanto, se nos exhorta a estar preparados en todo tiempo.<\/p>\n\n\n\n<p><strong><em>Mat. 24; Mar. 13; Luc. 21; Juan 14:1-3; Hech. 1:9-11; 1 Cor. 15:51-54; 1 Tes. 4:13-18; 5:1-6; 2 Tes. 1:7-10; 2:8; 2 Tim. 3:1-5; Tito 2:13; Heb. 9:28; Apoc. 1:7; 14:14-20; 19:11-21<\/em><\/strong><\/p>\n","protected":false},"featured_media":7627,"template":"","class_list":["post-7619","nossas-crencas","type-nossas-crencas","status-publish","has-post-thumbnail","hentry"],"acf":[],"_links":{"self":[{"href":"https:\/\/institucional.adventistas.org\/es\/wp-json\/wp\/v2\/nossas-crencas\/7619","targetHints":{"allow":["GET"]}}],"collection":[{"href":"https:\/\/institucional.adventistas.org\/es\/wp-json\/wp\/v2\/nossas-crencas"}],"about":[{"href":"https:\/\/institucional.adventistas.org\/es\/wp-json\/wp\/v2\/types\/nossas-crencas"}],"version-history":[{"count":3,"href":"https:\/\/institucional.adventistas.org\/es\/wp-json\/wp\/v2\/nossas-crencas\/7619\/revisions"}],"predecessor-version":[{"id":9466,"href":"https:\/\/institucional.adventistas.org\/es\/wp-json\/wp\/v2\/nossas-crencas\/7619\/revisions\/9466"}],"wp:featuredmedia":[{"embeddable":true,"href":"https:\/\/institucional.adventistas.org\/es\/wp-json\/wp\/v2\/media\/7627"}],"wp:attachment":[{"href":"https:\/\/institucional.adventistas.org\/es\/wp-json\/wp\/v2\/media?parent=7619"}],"curies":[{"name":"wp","href":"https:\/\/api.w.org\/{rel}","templated":true}]}}

<p>La segunda venida de Cristo es la bienaventurada esperanza de la iglesia, la gran culminación del evangelio. La venida del Salvador será literal, personal, visible y de alcance mundial. Cuando el Señor regrese, los justos muertos resucitarán y, junto con los justos que estén vivos, serán glorificados y llevados al cielo, pero los impíos morirán. El hecho de que la mayor parte de las profecías esté alcanzando su pleno cumplimiento, unido a las actuales condiciones del mundo, nos indica que la venida de Cristo está cerca. El momento cuando ocurrirá este acontecimiento no ha sido revelado y, por lo tanto, se nos exhorta a estar preparados en todo tiempo.</p>



<p><strong><em>Mat. 24; Mar. 13; Luc. 21; Juan 14:1-3; Hech. 1:9-11; 1 Cor. 15:51-54; 1 Tes. 4:13-18; 5:1-6; 2 Tes. 1:7-10; 2:8; 2 Tim. 3:1-5; Tito 2:13; Heb. 9:28; Apoc. 1:7; 14:14-20; 19:11-21</em></strong></p>
