{"id":5084,"date":"2015-04-15T18:47:00","date_gmt":"2015-04-15T21:47:00","guid":{"rendered":"https:\/\/institucional.adventistas.org\/pt\/?post_type=documentos&#038;p=5084"},"modified":"2024-04-25T10:01:27","modified_gmt":"2024-04-25T13:01:27","slug":"imunizacao","status":"publish","type":"documentos","link":"https:\/\/institucional.adventistas.org\/pt\/documentos\/imunizacao\/","title":{"rendered":"Imuniza\u00e7\u00e3o"},"content":{"rendered":"\n<p>A Igreja Adventista do S\u00e9timo-Dia d\u00e1 forte \u00eanfase \u00e0 sa\u00fade e ao bem-estar. A \u00eanfase adventista na sa\u00fade \u00e9 baseada na revela\u00e7\u00e3o b\u00edblica, nos escritos inspirados de E. G. White (cofundadora da Igreja) e na literatura cient\u00edfica revisada por pares. Assim sendo, encorajamos a imuniza\u00e7\u00e3o\/vacina\u00e7\u00e3o respons\u00e1vel, e n\u00e3o temos nenhuma raz\u00e3o religiosa ou baseada na f\u00e9 para n\u00e3o incentivar nossos seguidores a participar de forma respons\u00e1vel de programas de imuniza\u00e7\u00e3o preventiva e protetora. Valorizamos a sa\u00fade e a seguran\u00e7a da popula\u00e7\u00e3o, o que inclui a manuten\u00e7\u00e3o da \u201cimunidade de rebanho\u201d.<\/p>\n\n\n\n<p>N\u00e3o somos a consci\u00eancia de cada membro da igreja e reconhecemos as escolhas individuais. Essas s\u00e3o exercidas pelo indiv\u00edduo. A escolha de n\u00e3o ser imunizado n\u00e3o \u00e9 e n\u00e3o deve ser vista como o dogma nem como a doutrina da Igreja Adventista do S\u00e9timo Dia.<\/p>\n\n\n\n<p><em>Esta declara\u00e7\u00e3o foi votada pela Comiss\u00e3o Diretiva da Associa\u00e7\u00e3o Geral dos Adventistas do S\u00e9timo Dia em Silver Spring, Maryland, em 15 de abril de 2015.<\/em><\/p>\n","protected":false},"featured_media":8592,"template":"","class_list":["post-5084","documentos","type-documentos","status-publish","has-post-thumbnail","hentry"],"acf":[],"_links":{"self":[{"href":"https:\/\/institucional.adventistas.org\/pt\/wp-json\/wp\/v2\/documentos\/5084","targetHints":{"allow":["GET"]}}],"collection":[{"href":"https:\/\/institucional.adventistas.org\/pt\/wp-json\/wp\/v2\/documentos"}],"about":[{"href":"https:\/\/institucional.adventistas.org\/pt\/wp-json\/wp\/v2\/types\/documentos"}],"version-history":[{"count":3,"href":"https:\/\/institucional.adventistas.org\/pt\/wp-json\/wp\/v2\/documentos\/5084\/revisions"}],"predecessor-version":[{"id":8595,"href":"https:\/\/institucional.adventistas.org\/pt\/wp-json\/wp\/v2\/documentos\/5084\/revisions\/8595"}],"wp:featuredmedia":[{"embeddable":true,"href":"https:\/\/institucional.adventistas.org\/pt\/wp-json\/wp\/v2\/media\/8592"}],"wp:attachment":[{"href":"https:\/\/institucional.adventistas.org\/pt\/wp-json\/wp\/v2\/media?parent=5084"}],"curies":[{"name":"wp","href":"https:\/\/api.w.org\/{rel}","templated":true}]}}

Imunização

<p>A Igreja Adventista do Sétimo-Dia dá forte ênfase à saúde e ao bem-estar. A ênfase adventista na saúde é baseada na revelação bíblica, nos escritos inspirados de E. G. White (cofundadora da Igreja) e na literatura científica revisada por pares. Assim sendo, encorajamos a imunização/vacinação responsável, e não temos nenhuma razão religiosa ou baseada na fé para não incentivar nossos seguidores a participar de forma responsável de programas de imunização preventiva e protetora. Valorizamos a saúde e a segurança da população, o que inclui a manutenção da “imunidade de rebanho”.</p>



<p>Não somos a consciência de cada membro da igreja e reconhecemos as escolhas individuais. Essas são exercidas pelo indivíduo. A escolha de não ser imunizado não é e não deve ser vista como o dogma nem como a doutrina da Igreja Adventista do Sétimo Dia.</p>



<p><em>Esta declaração foi votada pela Comissão Diretiva da Associação Geral dos Adventistas do Sétimo Dia em Silver Spring, Maryland, em 15 de abril de 2015.</em></p>
