{"id":7643,"date":"2024-04-04T14:20:48","date_gmt":"2024-04-04T17:20:48","guid":{"rendered":"https:\/\/institucional.adventistas.org\/pt\/?post_type=nossas-crencas&#038;p=7643"},"modified":"2024-04-08T09:27:45","modified_gmt":"2024-04-08T12:27:45","slug":"20-o-sabado","status":"publish","type":"nossas-crencas","link":"https:\/\/institucional.adventistas.org\/pt\/nossas-crencas\/20-o-sabado\/","title":{"rendered":"20. O S\u00e1bado\u00a0"},"content":{"rendered":"\n<p>O gracioso Criador, ap\u00f3s os seis dias da cria\u00e7\u00e3o, descansou no s\u00e9timo dia e instituiu o s\u00e1bado para todas as pessoas como memorial da cria\u00e7\u00e3o. O quarto mandamento da imut\u00e1vel lei de Deus requer a observ\u00e2ncia deste s\u00e1bado do s\u00e9timo dia como dia de descanso, adora\u00e7\u00e3o e minist\u00e9rio, em harmonia com o ensino e pr\u00e1tica de Jesus, o Senhor do s\u00e1bado. O s\u00e1bado \u00e9 um dia de deleitosa comunh\u00e3o com Deus e uns com os outros. \u00c9 um s\u00edmbolo de nossa reden\u00e7\u00e3o em Cristo, um sinal de nossa santifica\u00e7\u00e3o, uma prova de nossa lealdade e um antegozo de nosso futuro eterno no reino de Deus. O s\u00e1bado \u00e9 o sinal perp\u00e9tuo do eterno concerto de Deus com Seu povo. A prazerosa observ\u00e2ncia deste tempo sagrado de uma tarde a outra tarde, do p\u00f4r do sol ao p\u00f4r do sol, \u00e9 uma celebra\u00e7\u00e3o dos atos criadores e redentores de Deus.<\/p>\n\n\n\n<p><strong>Gn 2:1-3; \u00cax 20:8-11; 31:13-17; Lv 23:32; Dt 5:12-15; Is 56:5, 6; 58:13, 14; Ez 20:12, 20; Mt 12:1-12; Mc 1:32; Lc 4:16; Hb 4:1-11<\/strong><\/p>\n","protected":false},"featured_media":7647,"template":"","class_list":["post-7643","nossas-crencas","type-nossas-crencas","status-publish","has-post-thumbnail","hentry"],"acf":[],"_links":{"self":[{"href":"https:\/\/institucional.adventistas.org\/pt\/wp-json\/wp\/v2\/nossas-crencas\/7643","targetHints":{"allow":["GET"]}}],"collection":[{"href":"https:\/\/institucional.adventistas.org\/pt\/wp-json\/wp\/v2\/nossas-crencas"}],"about":[{"href":"https:\/\/institucional.adventistas.org\/pt\/wp-json\/wp\/v2\/types\/nossas-crencas"}],"version-history":[{"count":1,"href":"https:\/\/institucional.adventistas.org\/pt\/wp-json\/wp\/v2\/nossas-crencas\/7643\/revisions"}],"predecessor-version":[{"id":7649,"href":"https:\/\/institucional.adventistas.org\/pt\/wp-json\/wp\/v2\/nossas-crencas\/7643\/revisions\/7649"}],"wp:featuredmedia":[{"embeddable":true,"href":"https:\/\/institucional.adventistas.org\/pt\/wp-json\/wp\/v2\/media\/7647"}],"wp:attachment":[{"href":"https:\/\/institucional.adventistas.org\/pt\/wp-json\/wp\/v2\/media?parent=7643"}],"curies":[{"name":"wp","href":"https:\/\/api.w.org\/{rel}","templated":true}]}}

20. O Sábado

<p>O gracioso Criador, após os seis dias da criação, descansou no sétimo dia e instituiu o sábado para todas as pessoas como memorial da criação. O quarto mandamento da imutável lei de Deus requer a observância deste sábado do sétimo dia como dia de descanso, adoração e ministério, em harmonia com o ensino e prática de Jesus, o Senhor do sábado. O sábado é um dia de deleitosa comunhão com Deus e uns com os outros. É um símbolo de nossa redenção em Cristo, um sinal de nossa santificação, uma prova de nossa lealdade e um antegozo de nosso futuro eterno no reino de Deus. O sábado é o sinal perpétuo do eterno concerto de Deus com Seu povo. A prazerosa observância deste tempo sagrado de uma tarde a outra tarde, do pôr do sol ao pôr do sol, é uma celebração dos atos criadores e redentores de Deus.</p>



<p><strong>Gn 2:1-3; Êx 20:8-11; 31:13-17; Lv 23:32; Dt 5:12-15; Is 56:5, 6; 58:13, 14; Ez 20:12, 20; Mt 12:1-12; Mc 1:32; Lc 4:16; Hb 4:1-11</strong></p>
