{"id":7655,"date":"2024-04-04T14:07:08","date_gmt":"2024-04-04T17:07:08","guid":{"rendered":"https:\/\/institucional.adventistas.org\/pt\/?post_type=nossas-crencas&#038;p=7655"},"modified":"2024-04-08T09:27:16","modified_gmt":"2024-04-08T12:27:16","slug":"7-a-natureza-da-humanidade","status":"publish","type":"nossas-crencas","link":"https:\/\/institucional.adventistas.org\/pt\/nossas-crencas\/7-a-natureza-da-humanidade\/","title":{"rendered":"7. A Natureza da Humanidade"},"content":{"rendered":"\n<p>O homem e a mulher foram formados \u00e0 imagem de Deus com individualidade, o poder e a liberdade de pensar e agir. Conquanto tenham sido criados como seres livres, cada um \u00e9 uma unidade indivis\u00edvel de corpo, mente e esp\u00edrito, e dependente de Deus quanto \u00e0 vida, respira\u00e7\u00e3o e tudo o mais. Quando nossos primeiros pais desobedeceram a Deus, negaram sua depend\u00eancia Dele e ca\u00edram de sua elevada posi\u00e7\u00e3o. A imagem de Deus neles foi desfigurada, e tornaram-se sujeitos \u00e0 morte. Seus descendentes partilham dessa natureza ca\u00edda e de suas consequ\u00eancias. Nascem com fraquezas e tend\u00eancias para o mal. Mas Deus, em Cristo, reconciliou consigo o mundo e, por meio de Seu Esp\u00edrito, restaura nos mortais penitentes a imagem de Seu Criador. Criados para a gl\u00f3ria de Deus, s\u00e3o chamados para am\u00e1-Lo e uns aos outros, e para cuidar de seu ambiente.<\/p>\n\n\n\n<p><strong>Gn 1:26-28; 2:7; 15:3; Sl 8:4-8; 51:5, 10; 58:3; Jr 17:9; At 17:24-28; Rm 5:12-17; 2Co 5:19, 20; Ef 2:3; 1Ts 5:23; 1Jo 3:4; 4:7, 8, 11, 20<\/strong><\/p>\n","protected":false},"featured_media":7663,"template":"","class_list":["post-7655","nossas-crencas","type-nossas-crencas","status-publish","has-post-thumbnail","hentry"],"acf":[],"_links":{"self":[{"href":"https:\/\/institucional.adventistas.org\/pt\/wp-json\/wp\/v2\/nossas-crencas\/7655","targetHints":{"allow":["GET"]}}],"collection":[{"href":"https:\/\/institucional.adventistas.org\/pt\/wp-json\/wp\/v2\/nossas-crencas"}],"about":[{"href":"https:\/\/institucional.adventistas.org\/pt\/wp-json\/wp\/v2\/types\/nossas-crencas"}],"version-history":[{"count":1,"href":"https:\/\/institucional.adventistas.org\/pt\/wp-json\/wp\/v2\/nossas-crencas\/7655\/revisions"}],"predecessor-version":[{"id":7664,"href":"https:\/\/institucional.adventistas.org\/pt\/wp-json\/wp\/v2\/nossas-crencas\/7655\/revisions\/7664"}],"wp:featuredmedia":[{"embeddable":true,"href":"https:\/\/institucional.adventistas.org\/pt\/wp-json\/wp\/v2\/media\/7663"}],"wp:attachment":[{"href":"https:\/\/institucional.adventistas.org\/pt\/wp-json\/wp\/v2\/media?parent=7655"}],"curies":[{"name":"wp","href":"https:\/\/api.w.org\/{rel}","templated":true}]}}

<p>O homem e a mulher foram formados à imagem de Deus com individualidade, o poder e a liberdade de pensar e agir. Conquanto tenham sido criados como seres livres, cada um é uma unidade indivisível de corpo, mente e espírito, e dependente de Deus quanto à vida, respiração e tudo o mais. Quando nossos primeiros pais desobedeceram a Deus, negaram sua dependência Dele e caíram de sua elevada posição. A imagem de Deus neles foi desfigurada, e tornaram-se sujeitos à morte. Seus descendentes partilham dessa natureza caída e de suas consequências. Nascem com fraquezas e tendências para o mal. Mas Deus, em Cristo, reconciliou consigo o mundo e, por meio de Seu Espírito, restaura nos mortais penitentes a imagem de Seu Criador. Criados para a glória de Deus, são chamados para amá-Lo e uns aos outros, e para cuidar de seu ambiente.</p>



<p><strong>Gn 1:26-28; 2:7; 15:3; Sl 8:4-8; 51:5, 10; 58:3; Jr 17:9; At 17:24-28; Rm 5:12-17; 2Co 5:19, 20; Ef 2:3; 1Ts 5:23; 1Jo 3:4; 4:7, 8, 11, 20</strong></p>
